
Calculate the remainder when 2573 is divided by 517.
505
What is the remainder when 10696 is divided by 190?
56
Calculate the remainder when 5872 is divided by 5744.
128
Calculate the remainder when 27909 is divided by 42.
21
What is the remainder when 723315 is divided by 67?
50
Calculate the remainder when 236107 is divided by 157.
136
Calculate the remainder when 108307 is divided by 71.
32
Calculate the remainder when 751 is divided by 105.
16
Calculate the remainder when 1024 is divided by 124.
32
What is the remainder when 1605 is divided by 136?
109
Calculate the remainder when 459384 is divided by 4887.
6
Calculate the remainder when 6167 is divided by 364.
343
Calculate the remainder when 24827 is divided by 94.
11
What is the remainder when 3883 is divided by 27?
22
Calculate the remainder when 28445 is divided by 137.
86
What is the remainder when 12780 is divided by 10?
0
Calculate the remainder when 10243 is divided by 155.
13
What is the remainder when 1885 is divided by 1369?
516
Calculate the remainder when 9844 is divided by 518.
2
Calculate the remainder when 1203 is divided by 1.
0
What is the remainder when 2212 is divided by 16?
4
What is the remainder when 395931 is divided by 395893?
38
What is the remainder when 1683757 is divided by 260?
257
Calculate the remainder when 82752 is divided by 13791.
6
What is the remainder when 11983 is divided by 1030?
653
What is the remainder when 8891 is divided by 127?
1
What is the remainder when 194270 is divided by 319?
318
Calculate the remainder when 42037 is divided by 91.
86
What is the remainder when 1573 is divided by 507?
52
What is the remainder when 5603 is divided by 85?
78
What is the remainder when 165659 is divided by 61?
44
What is the remainder when 2077 is divided by 92?
53
What is the remainder when 70343 is divided by 35?
28
What is the remainder when 963967 is divided by 240989?
11
What is the remainder when 435963 is divided by 2213?
2
Calculate the remainder when 860001 is divided by 171996.
21
Calculate the remainder when 30047 is divided by 298.
247
What is the remainder when 6142 is divided by 3067?
8
Calculate the remainder when 33691 is divided by 3364.
51
What is the remainder when 51986 is divided by 189?
11
Calculate the remainder when 69236 is divided by 238.
216
Calculate the remainder when 105560 is divided by 52768.
24
What is the remainder when 1203 is divided by 595?
13
What is the remainder when 1365830 is divided by 92?
90
Calculate the remainder when 14554 is divided by 255.
19
What is the remainder when 137454 is divided by 88?
86
Calculate the remainder when 1894 is divided by 260.
74
Calculate the remainder when 1095 is divided by 543.
9
What is the remainder when 25128 is divided by 5012?
68
Calculate the remainder when 13062 is divided by 195.
192
Calculate the remainder when 50322 is divided by 178.
126
Calculate the remainder when 2791 is divided by 2789.
2
Calculate the remainder when 6087 is divided by 4903.
1184
Calculate the remainder when 23705 is divided by 87.
41
What is the remainder when 414457 is divided by 455?
407
Calculate the remainder when 187834 is divided by 11048.
18
Calculate the remainder when 2265119 is divided by 147.
143
Calculate the remainder when 16950 is divided by 16937.
13
Calculate the remainder when 11321 is divided by 252.
233
Calculate the remainder when 124077 is divided by 1279.
14
Calculate the remainder when 31248 is divided by 15609.
30
What is the remainder when 1609 is divided by 434?
307
Calculate the remainder when 1659 is divided by 238.
231
Calculate the remainder when 53318 is divided by 7616.
6
Calculate the remainder when 256902 is divided by 136.
134
What is the remainder when 70402 is divided by 36?
22
What is the remainder when 9503 is divided by 720?
143
Calculate the remainder when 7336 is divided by 527.
485
Calculate the remainder when 75495 is divided by 901.
712
Calculate the remainder when 879 is divided by 126.
123
What is the remainder when 363184 is divided by 137?
134
Calculate the remainder when 10548 is divided by 3506.
30
Calculate the remainder when 1627 is divided by 1018.
609
Calculate the remainder when 8643 is divided by 576.
3
What is the remainder when 1019 is divided by 203?
4
What is the remainder when 25995 is divided by 1854?
39
What is the remainder when 22713 is divided by 41?
40
Calculate the remainder when 238312 is divided by 253.
239
Calculate the remainder when 319772 is divided by 165.
2
Calculate the remainder when 3386 is divided by 112.
26
What is the remainder when 259978 is divided by 259957?
21
What is the remainder when 32938878 is divided by 2593?
2592
Calculate the remainder when 145542 is divided by 56.
54
What is the remainder when 52308 is divided by 13?
9
What is the remainder when 139658 is divided by 63?
50
What is the remainder when 28879 is divided by 166?
161
Calculate the remainder when 24741 is divided by 575.
16
What is the remainder when 438386 is divided by 35?
11
Calculate the remainder when 21777 is divided by 10.
7
What is the remainder when 41572 is divided by 149?
1
What is the remainder when 4105 is divided by 37?
35
Calculate the remainder when 344314 is divided by 30.
4
Calculate the remainder when 203489 is divided by 630.
629
What is the remainder when 1229 is divided by 556?
117
Calculate the remainder when 182 is divided by 63.
56
Calculate the remainder when 20993 is divided by 6.
5
Calculate the remainder when 73213 is divided by 211.
207
Calculate the remainder when 18050 is divided by 105.
95
Calculate the remainder when 63311 is divided by 121.
28
What is the remainder when 510411 is divided by 37?
33
Calculate the remainder when 4841 is divided by 1199.
45
What is the remainder when 2084 is divided by 2075?
9
Calculate the remainder when 9125 is divided by 143.
116
What is the remainder when 11548 is divided by 175?
173
What is the remainder when 7937 is divided by 224?
97
Calculate the remainder when 153002 is divided by 76491.
20
What is the remainder when 910867 is divided by 375?
367
What is the remainder when 4442 is divided by 604?
214
What is the remainder when 12799 is divided by 388?
383
Calculate the remainder when 1842 is divided by 1091.
751
Calculate the remainder when 4504 is divided by 346.
6
Calculate the remainder when 39863 is divided by 4425.
38
What is the remainder when 799 is divided by 222?
133
What is the remainder when 4819 is divided by 223?
136
Calculate the remainder when 55444 is divided by 27687.
70
What is the remainder when 3987 is divided by 6?
3
What is the remainder when 108409 is divided by 2409?
4
Calculate the remainder when 25471 is divided by 1498.
5
What is the remainder when 43049 is divided by 598?
591
What is the remainder when 4676 is divided by 359?
9
What is the remainder when 132468 is divided by 65?
63
What is the remainder when 3564 is divided by 351?
54
What is the remainder when 255930 is divided by 362?
358
What is the remainder when 473 is divided by 349?
124
Calculate the remainder when 4371 is divided by 30.
21
Calculate the remainder when 311187 is divided by 848.
819
Calculate the remainder when 30048 is divided by 53.
50
Calculate the remainder when 2674 is divided by 77.
56
Calculate the remainder when 29052 is divided by 4783.
354
Calculate the remainder when 15576 is divided by 124.
76
Calculate the remainder when 2393 is divided by 106.
61
Calculate the remainder when 1709 is divided by 19.
18
Calculate the remainder when 16910 is divided by 4218.
38
What is the remainder when 94705 is divided by 2202?
19
What is the remainder when 83265 is divided by 257?
254
Calculate the remainder when 83937 is divided by 15.
12
Calculate the remainder when 5855 is divided by 1478.
1421
What is the remainder when 505648 is divided by 2704?
0
Calculate the remainder when 191598 is divided by 63863.
9
Calculate the remainder when 238303 is divided by 5.
3
Calculate the remainder when 43472 is divided by 21729.
14
What is the remainder when 5019 is divided by 179?
7
Calculate the remainder when 6357 is divided by 1255.
82
Calculate the remainder when 34532 is divided by 34507.
25
Calculate the remainder when 1516924 is divided by 17.
14
Calculate the remainder whe